{"id":1249,"date":"2017-10-04T09:55:45","date_gmt":"2017-10-04T07:55:45","guid":{"rendered":"https:\/\/giosbejournal.com\/?page_id=1249"},"modified":"2018-05-04T09:36:45","modified_gmt":"2018-05-04T07:36:45","slug":"copyrigth","status":"publish","type":"page","link":"https:\/\/www.giosbejournal.com\/index.php\/copyrigth\/","title":{"rendered":"Copyrigth"},"content":{"rendered":"<p>[et_pb_section admin_label=&#8221;Sezione&#8221; transparent_background=&#8221;off&#8221; background_color=&#8221;#fcfcfc&#8221; allow_player_pause=&#8221;off&#8221; inner_shadow=&#8221;off&#8221; parallax=&#8221;off&#8221; parallax_method=&#8221;on&#8221; custom_padding=&#8221;0px|0px|0px|0px&#8221; make_fullwidth=&#8221;off&#8221; use_custom_width=&#8221;off&#8221; width_unit=&#8221;off&#8221; custom_width_px=&#8221;1080px&#8221; custom_width_percent=&#8221;80%&#8221; make_equal=&#8221;off&#8221; use_custom_gutter=&#8221;off&#8221; fullwidth=&#8221;on&#8221; specialty=&#8221;off&#8221; disabled=&#8221;off&#8221;][et_pb_fullwidth_header admin_label=&#8221;Intestazione a Larghezza Piena&#8221; subhead=&#8221;Advertisement&#8221; background_layout=&#8221;light&#8221; text_orientation=&#8221;left&#8221; header_fullscreen=&#8221;off&#8221; header_scroll_down=&#8221;off&#8221; parallax=&#8221;off&#8221; parallax_method=&#8221;off&#8221; content_orientation=&#8221;center&#8221; image_orientation=&#8221;center&#8221; custom_button_one=&#8221;off&#8221; button_one_letter_spacing=&#8221;0&#8243; button_one_use_icon=&#8221;default&#8221; button_one_icon_placement=&#8221;right&#8221; button_one_on_hover=&#8221;on&#8221; button_one_letter_spacing_hover=&#8221;0&#8243; custom_button_two=&#8221;off&#8221; button_two_letter_spacing=&#8221;0&#8243; button_two_use_icon=&#8221;default&#8221; button_two_icon_placement=&#8221;right&#8221; button_two_on_hover=&#8221;on&#8221; button_two_letter_spacing_hover=&#8221;0&#8243; disabled=&#8221;off&#8221;]<\/p>\n<p><span style=\"border-radius: 2px; text-indent: 20px; width: auto; padding: 0px 4px 0px 0px; text-align: center; font: bold 11px\/20px 'Helvetica Neue',Helvetica,sans-serif; color: #ffffff; background: #bd081c no-repeat scroll 3px 50% \/ 14px 14px; position: absolute; opacity: 1; z-index: 8675309; display: none; cursor: pointer;\">Salva<\/span><\/p>\n<p><span style=\"border-radius: 2px; text-indent: 20px; width: auto; padding: 0px 4px 0px 0px; text-align: center; font: bold 11px\/20px 'Helvetica Neue',Helvetica,sans-serif; color: #ffffff; background: #bd081c no-repeat scroll 3px 50% \/ 14px 14px; position: absolute; opacity: 1; z-index: 8675309; display: none; cursor: pointer;\">Salva<\/span><\/p>\n<p><span style=\"border-radius: 2px; text-indent: 20px; width: auto; padding: 0px 4px 0px 0px; text-align: center; font: bold 11px\/20px 'Helvetica Neue',Helvetica,sans-serif; color: #ffffff; background: #bd081c no-repeat scroll 3px 50% \/ 14px 14px; position: absolute; opacity: 1; z-index: 8675309; display: none; cursor: pointer;\">Salva<\/span><\/p>\n<p><span style=\"border-radius: 2px; text-indent: 20px; width: auto; padding: 0px 4px 0px 0px; text-align: center; font: bold 11px\/20px 'Helvetica Neue',Helvetica,sans-serif; color: #ffffff; background: #bd081c  no-repeat scroll 3px 50% \/ 14px 14px; position: absolute; opacity: 1; z-index: 8675309; display: none; cursor: pointer;\">Salva<\/span><\/p>\n<p>[\/et_pb_fullwidth_header][\/et_pb_section][et_pb_section admin_label=&#8221;section&#8221; transparent_background=&#8221;off&#8221; allow_player_pause=&#8221;off&#8221; inner_shadow=&#8221;off&#8221; parallax=&#8221;off&#8221; parallax_method=&#8221;on&#8221; make_fullwidth=&#8221;off&#8221; use_custom_width=&#8221;off&#8221; width_unit=&#8221;off&#8221; custom_width_px=&#8221;1080px&#8221; custom_width_percent=&#8221;80%&#8221; make_equal=&#8221;off&#8221; use_custom_gutter=&#8221;off&#8221; fullwidth=&#8221;off&#8221; specialty=&#8221;off&#8221; disabled=&#8221;off&#8221;][et_pb_row admin_label=&#8221;row&#8221; make_fullwidth=&#8221;off&#8221; use_custom_width=&#8221;off&#8221; width_unit=&#8221;off&#8221; custom_width_px=&#8221;1080px&#8221; custom_width_percent=&#8221;80%&#8221; use_custom_gutter=&#8221;off&#8221; gutter_width=&#8221;3&#8243; allow_player_pause=&#8221;off&#8221; parallax=&#8221;off&#8221; parallax_method=&#8221;on&#8221; make_equal=&#8221;off&#8221; parallax_1=&#8221;off&#8221; parallax_method_1=&#8221;on&#8221; parallax_2=&#8221;off&#8221; parallax_method_2=&#8221;on&#8221; parallax_3=&#8221;off&#8221; parallax_method_3=&#8221;on&#8221; parallax_4=&#8221;off&#8221; parallax_method_4=&#8221;on&#8221; disabled=&#8221;off&#8221;][et_pb_column type=&#8221;4_4&#8243;][et_pb_text admin_label=&#8221;Text&#8221; background_layout=&#8221;light&#8221; text_orientation=&#8221;left&#8221; use_border_color=&#8221;off&#8221; border_style=&#8221;solid&#8221; disabled=&#8221;off&#8221;]<\/p>\n<p>Copyrigth<\/p>\n<p><span id=\"result_box\" class=\"\" lang=\"it\"><span title=\"Copyright on any open access article in a journal published by BioMed Central is retained by the author(s). \u00a0\u00a0\u00a0\u00a0\">Il copyright su qualsiasi articolo open access pubblicato da GJ \u00e8 conservato dagli autori.<br \/>\n<\/span><span title=\"Authors grant BioMed Central a license to publish the article and identify itself as the original publisher. \u00a0\u00a0\u00a0\u00a0\">Gli autori concedono a GJ una licenza per pubblicare l&#8217;articolo e per identificarsi come l&#8217;autore originale.<br \/>\n<\/span><span title=\"Authors also grant any third party the right to use the article freely as long as its integrity is maintained and its original authors, citation details and publisher are identified. \u00a0\u00a0\u00a0\u00a0\">Gli autori inoltre concedono a terzi il diritto di utilizzare liberamente l&#8217;articolo finch\u00e9 la sua integrit\u00e0 \u00e8 mantenuta e sono identificati i suoi autori originali, i dettagli della citazione e l&#8217;editore.<br \/>\n<\/span><span title=\"The Creative Commons Attribution License 4.0 formalizes these and other terms and conditions of publishing articles. \">La <a href=\"http:\/\/creativecommons.it\/news\">Creative Commons Attribution License 4.0 <\/a>formalizza questi e altri termini e condizioni di pubblicazione di articoli.<\/span><\/span><\/p>\n<p>[\/et_pb_text][\/et_pb_column][\/et_pb_row][\/et_pb_section][et_pb_section admin_label=&#8221;Sezione&#8221; transparent_background=&#8221;off&#8221; background_color=&#8221;#f2f2f2&#8243; allow_player_pause=&#8221;off&#8221; inner_shadow=&#8221;off&#8221; parallax=&#8221;off&#8221; parallax_method=&#8221;on&#8221; custom_padding=&#8221;0px|0px|0px|0px&#8221; make_fullwidth=&#8221;off&#8221; use_custom_width=&#8221;off&#8221; width_unit=&#8221;off&#8221; custom_width_px=&#8221;1080px&#8221; custom_width_percent=&#8221;80%&#8221; make_equal=&#8221;off&#8221; use_custom_gutter=&#8221;off&#8221; fullwidth=&#8221;off&#8221; specialty=&#8221;off&#8221; disabled=&#8221;off&#8221;][et_pb_row admin_label=&#8221;Riga&#8221; make_fullwidth=&#8221;off&#8221; use_custom_width=&#8221;off&#8221; width_unit=&#8221;off&#8221; custom_width_px=&#8221;1080px&#8221; custom_width_percent=&#8221;80%&#8221; use_custom_gutter=&#8221;off&#8221; gutter_width=&#8221;3&#8243; allow_player_pause=&#8221;off&#8221; parallax=&#8221;off&#8221; parallax_method=&#8221;on&#8221; make_equal=&#8221;off&#8221; parallax_1=&#8221;off&#8221; parallax_method_1=&#8221;on&#8221; parallax_2=&#8221;off&#8221; parallax_method_2=&#8221;on&#8221; parallax_3=&#8221;off&#8221; parallax_method_3=&#8221;on&#8221; parallax_4=&#8221;off&#8221; parallax_method_4=&#8221;on&#8221; disabled=&#8221;off&#8221;][et_pb_column type=&#8221;2_3&#8243;][et_pb_text admin_label=&#8221;Testo&#8221; background_layout=&#8221;light&#8221; text_orientation=&#8221;left&#8221; use_border_color=&#8221;off&#8221; border_style=&#8221;solid&#8221; disabled=&#8221;off&#8221;]<\/p>\n<h4><em><strong>GJ Open Access<br \/>\n<\/strong><\/em><\/h4>\n<p>[\/et_pb_text][\/et_pb_column][et_pb_column type=&#8221;1_3&#8243;][et_pb_text admin_label=&#8221;Testo&#8221; background_layout=&#8221;light&#8221; text_orientation=&#8221;left&#8221; use_border_color=&#8221;off&#8221; border_style=&#8221;solid&#8221; disabled=&#8221;off&#8221;]<\/p>\n<h4>Contact<\/h4>\n<h4><em><strong>Support email<\/strong><\/em><\/h4>\n<p><a href=\"mailto:segreteria.giosbe@gmail.com\">segreteria.giosbe@gmail.com<\/a><\/p>\n<h4><strong><em>Editorial email<\/em><\/strong><\/h4>\n<p><a href=\"mailto:info@giosbejournal.com\">info@giosbejournal.com<\/a><\/p>\n<p>[\/et_pb_text][\/et_pb_column][\/et_pb_row][\/et_pb_section]<\/p>\n","protected":false},"excerpt":{"rendered":"<p>Salva Salva Salva Salva Copyrigth Il copyright su qualsiasi articolo open access pubblicato da GJ \u00e8 conservato dagli autori. Gli autori concedono a GJ una licenza per pubblicare l&#8217;articolo e per identificarsi come l&#8217;autore originale. Gli autori inoltre concedono a terzi il diritto di utilizzare liberamente l&#8217;articolo finch\u00e9 la sua integrit\u00e0 \u00e8 mantenuta e sono [&hellip;]<\/p>\n","protected":false},"author":1,"featured_media":0,"parent":0,"menu_order":0,"comment_status":"closed","ping_status":"closed","template":"","meta":{"_et_pb_use_builder":"on","_et_pb_old_content":"Copyrigth\r\n\r\n<span id=\"result_box\" class=\"\" lang=\"it\"><span title=\"Copyright on any open access article in a journal published by BioMed Central is retained by the author(s). \u00a0\u00a0\u00a0\u00a0\">Il copyright su qualsiasi articolo open access pubblicato da GJ \u00e8 conservato dagli autori.\r\n<\/span><span title=\"Authors grant BioMed Central a license to publish the article and identify itself as the original publisher. \u00a0\u00a0\u00a0\u00a0\">Gli autori concedono GJ una licenza per pubblicare l'articolo e identificarsi come l'autore originale.\r\n<\/span><span title=\"Authors also grant any third party the right to use the article freely as long as its integrity is maintained and its original authors, citation details and publisher are identified. \u00a0\u00a0\u00a0\u00a0\">Gli autori inoltre concedono a terzi il diritto di utilizzare liberamente l'articolo finch\u00e9 la sua integrit\u00e0 \u00e8 mantenuta e sono identificati i suoi autori originali, i dettagli della citazione e l'editore.\r\n<\/span><span title=\"The Creative Commons Attribution License 4.0 formalizes these and other terms and conditions of publishing articles. \">La <a href=\"http:\/\/creativecommons.it\/news\">Creative Commons Attribution License 4.0 <\/a>formalizza questi e altri termini e condizioni di pubblicazione di articoli.<\/span><\/span>","_et_gb_content_width":""},"_links":{"self":[{"href":"https:\/\/www.giosbejournal.com\/index.php\/wp-json\/wp\/v2\/pages\/1249"}],"collection":[{"href":"https:\/\/www.giosbejournal.com\/index.php\/wp-json\/wp\/v2\/pages"}],"about":[{"href":"https:\/\/www.giosbejournal.com\/index.php\/wp-json\/wp\/v2\/types\/page"}],"author":[{"embeddable":true,"href":"https:\/\/www.giosbejournal.com\/index.php\/wp-json\/wp\/v2\/users\/1"}],"replies":[{"embeddable":true,"href":"https:\/\/www.giosbejournal.com\/index.php\/wp-json\/wp\/v2\/comments?post=1249"}],"version-history":[{"count":24,"href":"https:\/\/www.giosbejournal.com\/index.php\/wp-json\/wp\/v2\/pages\/1249\/revisions"}],"predecessor-version":[{"id":2744,"href":"https:\/\/www.giosbejournal.com\/index.php\/wp-json\/wp\/v2\/pages\/1249\/revisions\/2744"}],"wp:attachment":[{"href":"https:\/\/www.giosbejournal.com\/index.php\/wp-json\/wp\/v2\/media?parent=1249"}],"curies":[{"name":"wp","href":"https:\/\/api.w.org\/{rel}","templated":true}]}}